ided by 191?
166
Calculate the remainder when 478 is divided by 270.
208
Calculate the remainder when 164 is divided by 40.
4
What is the remainder when 1676 is divided by 84?
80
What is the remainder when 461 is divided by 97?
73
Calculate the remainder when 148 is divided by 77.
71
Calculate the remainder when 1237 is divided by 206.
1
What is the remainder when 1023 is divided by 78?
9
What is the remainder when 27823 is divided by 53?
51
Calculate the remainder when 278 is divided by 74.
56
Calculate the remainder when 6154 is divided by 6.
4
What is the remainder when 211 is divided by 82?
47
What is the remainder when 2284 is divided by 26?
22
What is the remainder when 971 is divided by 36?
35
Calculate the remainder when 1230 is divided by 614.
2
What is the remainder when 270 is divided by 68?
66
What is the remainder when 561 is divided by 127?
53
Calculate the remainder when 655 is divided by 47.
44
Calculate the remainder when 680 is divided by 154.
64
What is the remainder when 113 is divided by 82?
31
Calculate the remainder when 2119 is divided by 1053.
13
What is the remainder when 933 is divided by 85?
83
What is the remainder when 148 is divided by 127?
21
Calculate the remainder when 33428 is divided by 84.
80
Calculate the remainder when 142 is divided by 62.
18
What is the remainder when 5255 is divided by 12?
11
What is the remainder when 516 is divided by 37?
35
What is the remainder when 598 is divided by 40?
38
Calculate the remainder when 249 is divided by 13.
2
What is the remainder when 22 is divided by 21?
1
What is the remainder when 1120 is divided by 102?
100
What is the remainder when 1609 is divided by 21?
13
Calculate the remainder when 253 is divided by 33.
22
What is the remainder when 298 is divided by 148?
2
What is the remainder when 1442 is divided by 297?
254
Calculate the remainder when 1210 is divided by 101.
99
What is the remainder when 78 is divided by 27?
24
Calculate the remainder when 399 is divided by 16.
15
Calculate the remainder when 52 is divided by 32.
20
Calculate the remainder when 197 is divided by 54.
35
Calculate the remainder when 780 is divided by 23.
21
What is the remainder when 19 is divided by 17?
2
Calculate the remainder when 1601 is divided by 146.
141
Calculate the remainder when 5465 is divided by 1093.
0
Calculate the remainder when 74 is divided by 23.
5
Calculate the remainder when 575 is divided by 9.
8
Calculate the remainder when 255 is divided by 49.
10
What is the remainder when 2752 is divided by 44?
24
Calculate the remainder when 228 is divided by 60.
48
What is the remainder when 139 is divided by 14?
13
What is the remainder when 220 is divided by 118?
102
What is the remainder when 46 is divided by 15?
1
Calculate the remainder when 853 is divided by 171.
169
What is the remainder when 268 is divided by 70?
58
Calculate the remainder when 516 is divided by 488.
28
What is the remainder when 722 is divided by 78?
20
Calculate the remainder when 6716 is divided by 68.
52
What is the remainder when 1454 is divided by 112?
110
Calculate the remainder when 9616 is divided by 260.
256
What is the remainder when 311 is divided by 75?
11
Calculate the remainder when 559 is divided by 7.
6
Calculate the remainder when 3158 is divided by 34.
30
What is the remainder when 445 is divided by 32?
29
What is the remainder when 176 is divided by 15?
11
Calculate the remainder when 203 is divided by 15.
8
Calculate the remainder when 2484 is divided by 22.
20
What is the remainder when 1132 is divided by 139?
20
Calculate the remainder when 281 is divided by 106.
69
What is the remainder when 298 is divided by 69?
22
What is the remainder when 2907 is divided by 6?
3
Calculate the remainder when 115 is divided by 51.
13
What is the remainder when 3056 is divided by 30?
26
What is the remainder when 67 is divided by 13?
2
What is the remainder when 559 is divided by 21?
13
What is the remainder when 328 is divided by 111?
106
What is the remainder when 2524 is divided by 132?
16
What is the remainder when 50898 is divided by 50?
48
What is the remainder when 3087 is divided by 182?
175
What is the remainder when 235 is divided by 14?
11
Calculate the remainder when 6128 is divided by 75.
53
What is the remainder when 16 is divided by 13?
3
Calculate the remainder when 965 is divided by 331.
303
Calculate the remainder when 173 is divided by 58.
57
Calculate the remainder when 1001 is divided by 19.
13
What is the remainder when 196 is divided by 42?
28
Calculate the remainder when 378 is divided by 47.
2
Calculate the remainder when 169 is divided by 78.
13
Calculate the remainder when 139 is divided by 40.
19
Calculate the remainder when 1450 is divided by 715.
20
Calculate the remainder when 454 is divided by 55.
14
Calculate the remainder when 69 is divided by 52.
17
Calculate the remainder when 398 is divided by 105.
83
Calculate the remainder when 12031 is divided by 22.
19
What is the remainder when 113 is divided by 14?
1
What is the remainder when 260 is divided by 66?
62
Calculate the remainder when 96 is divided by 17.
11
Calculate the remainder when 725 is divided by 76.
41
What is the remainder when 61 is divided by 52?
9
Calculate the remainder when 490 is divided by 16.
10
What is the remainder when 149 is divided by 146?
3
Calculate the remainder when 1906 is divided by 147.
142
What is the remainder when 1733 is divided by 28?
25
What is the remainder when 1269 is divided by 24?
21
Calculate the remainder when 280 is divided by 19.
14
What is the remainder when 87 is divided by 23?
18
Calculate the remainder when 176 is divided by 83.
10
What is the remainder when 1374 is divided by 43?
41
What is the remainder when 88 is divided by 23?
19
Calculate the remainder when 312 is divided by 9.
6
What is the remainder when 44 is divided by 14?
2
Calculate the remainder when 815 is divided by 172.
127
What is the remainder when 306 is divided by 52?
46
What is the remainder when 198 is divided by 64?
6
Calculate the remainder when 935 is divided by 240.
215
What is the remainder when 91 is divided by 23?
22
What is the remainder when 91 is divided by 12?
7
What is the remainder when 787 is divided by 388?
11
What is the remainder when 21203 is divided by 36?
35
What is the remainder when 645 is divided by 27?
24
Calculate the remainder when 726 is divided by 91.
89
What is the remainder when 269 is divided by 68?
65
Calculate the remainder when 33 is divided by 10.
3
Calculate the remainder when 2932 is divided by 210.
202
Calculate the remainder when 820 is divided by 25.
20
Calculate the remainder when 490 is divided by 242.
6
What is the remainder when 626 is divided by 40?
26
Calculate the remainder when 4907 is divided by 10.
7
Calculate the remainder when 3703 is divided by 218.
215
What is the remainder when 4760 is divided by 207?
206
Calculate the remainder when 494 is divided by 27.
8
What is the remainder when 615 is divided by 23?
17
What is the remainder when 192 is divided by 87?
18
What is the remainder when 1918 is divided by 219?
166
What is the remainder when 632 is divided by 92?
80
Calculate the remainder when 15428 is divided by 111.
110
What is the remainder when 400 is divided by 392?
8
What is the remainder when 54 is divided by 14?
12
What is the remainder when 3275 is divided by 18?
17
What is the remainder when 6064 is divided by 34?
12
Calculate the remainder when 502 is divided by 12.
10
What is the remainder when 159 is divided by 106?
53
What is the remainder when 51 is divided by 6?
3
What is the remainder when 380 is divided by 52?
16
What is the remainder when 355 is divided by 64?
35
What is the remainder when 305 is divided by 10?
5
Calculate the remainder when 25408 is divided by 8468.
4
Calculate the remainder when 442 is divided by 74.
72
What is the remainder when 390 is divided by 51?
33
Calculate the remainder when 2226 is divided by 321.
300
What is the remainder when 1002 is divided by 999?
3
What is the remainder when 5641 is divided by 16?
9
Calculate the remainder when 200 is divided by 55.
35
Calculate the remainder when 896 is divided by 90.
86
What is the remainder when 139 is divided by 21?
13
What is the remaind